 divided by 7?
3
Calculate the remainder when 1101 is divided by 27.
21
Calculate the remainder when 367 is divided by 86.
23
What is the remainder when 353 is divided by 30?
23
Calculate the remainder when 1028 is divided by 511.
6
Calculate the remainder when 319 is divided by 23.
20
What is the remainder when 1429 is divided by 5?
4
What is the remainder when 169 is divided by 139?
30
What is the remainder when 86 is divided by 38?
10
What is the remainder when 1103 is divided by 17?
15
Calculate the remainder when 1187 is divided by 66.
65
What is the remainder when 934 is divided by 34?
16
What is the remainder when 3629 is divided by 165?
164
Calculate the remainder when 4113 is divided by 84.
81
What is the remainder when 6333 is divided by 24?
21
What is the remainder when 111 is divided by 14?
13
Calculate the remainder when 2024 is divided by 5.
4
Calculate the remainder when 284 is divided by 1.
0
Calculate the remainder when 1527 is divided by 169.
6
What is the remainder when 2863 is divided by 259?
14
Calculate the remainder when 2263 is divided by 159.
37
What is the remainder when 310 is divided by 26?
24
What is the remainder when 185 is divided by 38?
33
Calculate the remainder when 236 is divided by 4.
0
Calculate the remainder when 8297 is divided by 5.
2
What is the remainder when 50 is divided by 1?
0
Calculate the remainder when 1208 is divided by 13.
12
Calculate the remainder when 175 is divided by 88.
87
What is the remainder when 66 is divided by 19?
9
What is the remainder when 429 is divided by 410?
19
What is the remainder when 1637 is divided by 78?
77
Calculate the remainder when 2780 is divided by 32.
28
Calculate the remainder when 2097 is divided by 12.
9
Calculate the remainder when 191 is divided by 13.
9
Calculate the remainder when 138 is divided by 18.
12
What is the remainder when 402 is divided by 202?
200
What is the remainder when 167 is divided by 17?
14
Calculate the remainder when 436 is divided by 30.
16
Calculate the remainder when 9981 is divided by 6.
3
Calculate the remainder when 66 is divided by 14.
10
What is the remainder when 5813 is divided by 277?
273
Calculate the remainder when 1236 is divided by 615.
6
What is the remainder when 164 is divided by 13?
8
What is the remainder when 271 is divided by 89?
4
What is the remainder when 662 is divided by 13?
12
What is the remainder when 349 is divided by 44?
41
What is the remainder when 9773 is divided by 85?
83
What is the remainder when 65 is divided by 12?
5
Calculate the remainder when 757 is divided by 37.
17
What is the remainder when 110 is divided by 97?
13
What is the remainder when 2442 is divided by 98?
90
Calculate the remainder when 214 is divided by 36.
34
Calculate the remainder when 59 is divided by 31.
28
Calculate the remainder when 110 is divided by 39.
32
What is the remainder when 273 is divided by 73?
54
What is the remainder when 487 is divided by 246?
241
What is the remainder when 329 is divided by 67?
61
Calculate the remainder when 169 is divided by 79.
11
Calculate the remainder when 243 is divided by 85.
73
What is the remainder when 638 is divided by 64?
62
What is the remainder when 221 is divided by 57?
50
Calculate the remainder when 1934 is divided by 88.
86
What is the remainder when 19 is divided by 16?
3
What is the remainder when 1406 is divided by 21?
20
Calculate the remainder when 24 is divided by 13.
11
Calculate the remainder when 73 is divided by 2.
1
Calculate the remainder when 117 is divided by 15.
12
What is the remainder when 298 is divided by 20?
18
Calculate the remainder when 23573 is divided by 56.
53
Calculate the remainder when 60 is divided by 5.
0
What is the remainder when 79 is divided by 20?
19
What is the remainder when 178 is divided by 13?
9
Calculate the remainder when 79 is divided by 49.
30
What is the remainder when 4136 is divided by 207?
203
Calculate the remainder when 16 is divided by 4.
0
Calculate the remainder when 26 is divided by 7.
5
What is the remainder when 509 is divided by 73?
71
Calculate the remainder when 4749 is divided by 18.
15
What is the remainder when 517 is divided by 2?
1
Calculate the remainder when 204 is divided by 38.
14
Calculate the remainder when 1844 is divided by 47.
11
Calculate the remainder when 248 is divided by 125.
123
What is the remainder when 357 is divided by 30?
27
What is the remainder when 553 is divided by 6?
1
What is the remainder when 4331 is divided by 32?
11
What is the remainder when 117 is divided by 18?
9
Calculate the remainder when 391 is divided by 90.
31
What is the remainder when 1376 is divided by 230?
226
Calculate the remainder when 214 is divided by 28.
18
What is the remainder when 127 is divided by 33?
28
Calculate the remainder when 2422 is divided by 202.
200
Calculate the remainder when 1301 is divided by 261.
257
What is the remainder when 288 is divided by 21?
15
Calculate the remainder when 24 is divided by 12.
0
Calculate the remainder when 478 is divided by 10.
8
Calculate the remainder when 9483 is divided by 186.
183
What is the remainder when 2180 is divided by 39?
35
What is the remainder when 61 is divided by 51?
10
What is the remainder when 167 is divided by 14?
13
Calculate the remainder when 986 is divided by 54.
14
Calculate the remainder when 79 is divided by 42.
37
Calculate the remainder when 145 is divided by 75.
70
Calculate the remainder when 1187 is divided by 54.
53
Calculate the remainder when 692 is divided by 24.
20
Calculate the remainder when 71 is divided by 7.
1
What is the remainder when 259 is divided by 26?
25
What is the remainder when 659 is divided by 3?
2
Calculate the remainder when 375 is divided by 45.
15
Calculate the remainder when 307 is divided by 43.
6
Calculate the remainder when 5898 is divided by 25.
23
Calculate the remainder when 1507 is divided by 127.
110
Calculate the remainder when 886 is divided by 21.
4
What is the remainder when 686 is divided by 53?
50
What is the remainder when 1273 is divided by 51?
49
Calculate the remainder when 86 is divided by 23.
17
Calculate the remainder when 183 is divided by 46.
45
What is the remainder when 895 is divided by 20?
15
What is the remainder when 34 is divided by 22?
12
Calculate the remainder when 908 is divided by 6.
2
Calculate the remainder when 225 is divided by 17.
4
What is the remainder when 129 is divided by 69?
60
What is the remainder when 140 is divided by 38?
26
What is the remainder when 1173 is divided by 15?
3
Calculate the remainder when 201 is divided by 6.
3
What is the remainder when 75 is divided by 56?
19
What is the remainder when 262 is divided by 14?
10
Calculate the remainder when 260 is divided by 184.
76
Calculate the remainder when 398 is divided by 112.
62
What is the remainder when 343 is divided by 72?
55
What is the remainder when 1632 is divided by 370?
152
What is the remainder when 2711 is divided by 45?
11
Calculate the remainder when 163 is divided by 58.
47
What is the remainder when 13774 is divided by 82?
80
What is the remainder when 8677 is divided by 5?
2
What is the remainder when 14217 is divided by 59?
57
Calculate the remainder when 36 is divided by 14.
8
Calculate the remainder when 139 is divided by 138.
1
Calculate the remainder when 485 is divided by 34.
9
Calculate the remainder when 165 is divided by 3.
0
What is the remainder when 14614 is divided by 18?
16
What is the remainder when 201 is divided by 51?
48
Calculate the remainder when 3245 is divided by 28.
25
Calculate the remainder when 41308 is divided by 81.
79
What is the remainder when 1383 is divided by 41?
30
What is the remainder when 32 is divided by 13?
6
What is the remainder when 198 is divided by 20?
18
What is the remainder when 160 is divided by 28?
20
Calculate the remainder when 188 is divided by 22.
12
What is the remainder when 1080 is divided by 17?
9
Calculate the remainder when 3164 is divided by 96.
92
Calculate the remainder when 24931 is divided by 14.
11
Calculate the remainder when 119 is divided by 70.
49
Calculate the remainder when 1801 is divided by 199.
10
Calculate the remainder when 48 is divided by 39.
9
What is the remainder when 1544 is divided by 27?
5
Calc